m be 11/2 + 3/(-2). Let f be m/(-12) - (-3108)/9. Suppose -5*n + 0*n + f = 0. Is n a composite number?
True
Let t = 14610 - 4649. Is t a prime number?
False
Let x be -2*(-5)/10 + 263. Let z = x - 146. Is z composite?
True
Let d(h) = 2*h + 12. Let i(o) = o**3 + 2*o**2 - 2. Let g be i(-3). Let p be d(g). Is 128/5 + (-4)/p a prime number?
False
Let j(x) = x**2 + x + 16. Let c be j(11). Suppose -2*p + c = -18. Suppose 2*f - 3*f = -p. Is f a composite number?
False
Let q be (0 - 60/8)*(-1 - 45). Suppose 2*g = 5*g - q. Is g a composite number?
True
Suppose 51*a - 10191 = 50*a. Suppose -3138 - a = -9*n. Is n composite?
False
Suppose -2*z - 8 - 10 = 0. Is (-2)/z + 2599/9 a prime number?
False
Suppose 2 = 4*c - 6. Let h = 5 - 3. Suppose h*a - 2*y - y = 178, c*y = 5*a - 445. Is a a prime number?
True
Suppose -2*r = -1661 - 1677. Suppose 1337 = 4*v + x - 2*x, 5*v + x = r. Is v a prime number?
False
Let p(i) = -i**2 - 5*i + 4. Let s be p(-3). Suppose 2*g + 3*z - 4*z + 11 = 0, 0 = 2*z + s. Is g/2*638/(-8) composite?
True
Let j = 90 - 82. Suppose j*f - 13*f = -10315. Is f a composite number?
False
Suppose 3*t + 4 = 2*t + 4*l, 3*t = -l - 64. Let d = 282 + t. Is d prime?
False
Let h(x) = 765*x**3 + x + 4. Let r be h(2). Let q = r + -4363. Is q a prime number?
False
Let h = 11497 + 4864. Is h prime?
True
Let i = 3249 + -1795. Suppose 0 = 2*s - 3*k - i, -4*s + 0*s + 2952 = 5*k. Is s composite?
False
Let v(s) = 364*s - 79. Is v(7) a composite number?
True
Let q be 1/((-2)/(-10)*(-20)/232). Let b = q - -372. Is b prime?
False
Let w(f) = f**3 - 28*f**2 - 45*f - 247. Is w(36) a composite number?
False
Let g(s) = 9*s**3 - 2*s**2 - 9*s - 4. Let l be g(5). Suppose -2*u + l = -26. Is u composite?
True
Suppose -4*d = 3*d + 6160. Let l = -143 - d. Is l composite?
True
Suppose d - 4960 = -3*p, -4*p + 2*d - 1501 = -8131. Is p prime?
False
Suppose 8 - 27 = -2*p + 3*l, -16 = 2*p + 4*l. Suppose -4*g - b + 992 = 2*b, -5*b = p*g - 482. Is g a prime number?
True
Suppose -5*f + 2964 = 3*w - 511, f - 1161 = -w. Is w a prime number?
False
Let a(b) = 571*b + 4. Let c be a(5). Suppose 0 = -0*f - 5*f + 5*i + 7160, 0 = 2*f - 3*i - c. Is f composite?
True
Suppose -132*x = -136*x + 1180. Is x a prime number?
False
Suppose -4*t + 5*g - 697 = 1014, 3*g + 449 = -t. Let r = t + 621. Is r a prime number?
False
Suppose -201*v - 60049 = -212*v. Is v a composite number?
True
Let l = -430 + 1429. Suppose 0 = 3*z - 237 + l. Is ((-3)/6)/(1/z) a prime number?
True
Is 1082*1*-11*40/(-80) composite?
True
Let r(g) = 1019*g + 231. Is r(4) prime?
False
Let m(w) = w**3 + 15*w**2 - w + 7. Let y(n) = 4*n - 2. Let g be y(-2). Is m(g) a prime number?
False
Let c(p) = 5*p**3 - 4*p**2 + 12*p - 5. Let w(b) = -b**3 - b**2 - b. Let i(a) = c(a) + 4*w(a). Let x be i(7). Is x/3 + 3600/27 composite?
True
Let g(y) = -y. Let u be g(5). Let c be (u + 10)*(0 - -1). Suppose 4*q = 3*z - 196 - 437, -1055 = -c*z + 4*q. Is z a prime number?
True
Let m(z) = -4*z**3 + 5*z**2 - 18*z - 11. Is m(-12) composite?
True
Let m(p) = 8*p**3 - 3*p**2 + 2*p - 2. Let x be m(8). Suppose 0 = 5*z - 7747 - x. Is z composite?
False
Suppose 7*f + 2*f - 36 = 0. Suppose -399 = -f*s + 137. Is s a composite number?
True
Suppose 2*c - 206 = l, c - 2*c - l + 109 = 0. Is 2/5 + 231273/c prime?
True
Suppose 5*x = x. Suppose x = -4*f + k + 207, 245 = 4*f + 5*k + 8. Let q = 32 + f. Is q a composite number?
True
Let u = -5723 + 9754. Is u a prime number?
False
Let q = -80 - -79. Is 2514 + (-2 - 1/q) prime?
False
Let h = -14 + 4. Let z be (-15 + 13)/(2/(-33)). Let k = h + z. Is k a composite number?
False
Let p(w) be the first derivative of 6*w**3 - 2*w**2 + 31*w + 30. Is p(-16) a prime number?
True
Is 4702 - 6/(-3 + -3) a composite number?
False
Let t(d) = -d - 9. Let f be t(-13). Suppose z + 1628 = 3*c, -f*c + 3*z - 39 + 2218 = 0. Is c a prime number?
True
Suppose 7*m - 34922 - 13917 = 0. Is m a composite number?
False
Let d(l) = -l**3 - l**2 - 5*l + 21377. Is d(0) a composite number?
False
Let t(v) = 9760*v + 221. Is t(3) a prime number?
True
Let k(p) = -99*p + 28. Let i be k(10). Let h = 1621 + i. Is h prime?
True
Let j(u) = -u**2 - 7*u + 5. Suppose 5*x + 3*b = -50, x + 2*b + 17 = -0*b. Let v be j(x). Suppose -v*f = -f - 4, 2*d - 4*f - 666 = 0. Is d composite?
True
Let h = -56 + 68. Let t be (34/8)/(2/8). Suppose h*s + 395 = t*s. Is s composite?
False
Let f(a) = 1. Let q(l) = -68*l + 29. Let j(r) = -4*f(r) - q(r). Let w(x) = x. Let t(m) = -j(m) - 5*w(m). Is t(-16) a composite number?
False
Suppose 0 = -3*k - 5 + 2. Let x be 1/(k/(-3) - 0). Suppose r = 4*j + 71, 0*j = -3*r + x*j + 204. Is r composite?
False
Let u(g) = -g**3 + 9*g**2 - 7*g - 4. Let f be u(8). Suppose -k = -5*n - 33, f*n - k + 5*k + 36 = 0. Is (-80 + n)/(-1 + 0) a composite number?
True
Suppose 0 = 9*o - 33 - 57. Is (415/o)/(((-3)/(-1))/138) prime?
False
Let x(v) = 29*v + 6. Let w(m) = -30*m - 5. Suppose -1 = -7*s + 20. Let b(a) = s*x(a) + 4*w(a). Is b(-5) a composite number?
False
Let f be 0 + -3 + 24/4. Suppose -f*h + 6*h = 1581. Is h prime?
False
Let m be 4/((-12)/(-69)) - 2. Let r = m - 30. Let d = 778 - r. Is d a composite number?
False
Suppose -149642 = -h - 3*u, -25*u + 21*u = 5*h - 748199. Is h prime?
False
Let k = 2 - 6. Let u(m) = m. Let s(g) = -12*g - 1. Let a(w) = s(w) + 4*u(w). Is a(k) a prime number?
True
Suppose 3*r - 1 = -4. Let l(c) = -c**3 + 3*c**2 + 5*c - 6. Let v be l(4). Is r/(0 - v/(-874)) prime?
False
Let i(g) = 72*g - 3. Let h be i(6). Suppose 0*f - 2*f + v = -h, -4*v = -5*f + 1071. Is f a composite number?
True
Let q(p) = -p**3 - 2*p**2 - 4*p + 18947. Is q(0) prime?
True
Suppose 5*i + 377 = 4*c, 0 = c + i - 5*i - 108. Let y = 10 + -5. Suppose q - y*q = -c. Is q prime?
False
Let n(k) = -k**3 + k**2 - k - 1. Let r(d) = 9*d**2 - 8*d - 2. Let u(i) = 3*n(i) - r(i). Is u(-5) composite?
False
Suppose -4*d = -0*d - 2332. Is d a composite number?
True
Suppose -4*r - 7*r + 7601 = 0. Is r a prime number?
True
Let g(x) = 23*x + 4. Let f = 50 - -4. Suppose -4*q = -f + 18. Is g(q) prime?
True
Let y be 21/(-28) + (-1571)/(-4). Suppose 5*s + 3*o - 503 = 658, 0 = -5*s - 4*o + 1163. Let m = y - s. Is m composite?
True
Suppose 0 = 2*b - b - 10. Suppose b*m - 11*m + 85 = 0. Is m a prime number?
False
Suppose -21*s = -17*s. Suppose s*o + 4*o + l - 48 = 0, 0 = 5*o + l - 59. Suppose 8*x = o*x - 1266. Is x a composite number?
True
Suppose 15*a - 660162 + 208572 = 0. Is a prime?
False
Suppose 1409 = 5*m - 1526. Is m prime?
True
Let q(y) = -3*y**2 - 8*y + 11. Let u be q(8). Let a be (-2)/(-4) + u/14. Is 5*(5 + -3 - a) prime?
False
Suppose 10*x = 7*x + 9813. Is x prime?
True
Suppose -46*p - 171258 = -2*u - 51*p, 4*u - p = 342472. Is u a prime number?
True
Let q = 11400 + -6173. Is q a prime number?
True
Is (1 + 0)/(-2*(-1)/36454) composite?
True
Suppose 0 = -2*n - 4, 0*u - 2*n = 3*u - 65. Let a = -75 + u. Let o = 10 - a. Is o a composite number?
True
Suppose -3*s = s - 8. Suppose a - 6*a = -3*v + 7, -6 = -v - s*a. Is (16/24)/(v/2670) composite?
True
Suppose -b - 716 = -3*p + 3, 3*b - 699 = -3*p. Let l = -26 + -10. Let x = l + p. Is x a prime number?
False
Let t(g) = -500*g - 407. Is t(-38) prime?
True
Let v(m) = -2*m - 17. Let o(q) = q**2 - 2*q - 8. Let n be o(5). Let z be v(n). Let g = z - -158. Is g a prime number?
True
Let t = 1598 + -919. Is t a prime number?
False
Suppose -6*m + 48520 = 9298. Suppose 12*l - 9*l = m. Is l a prime number?
True
Let b(z) = 12*z + 5. Let w be b(15). Let p = w + 558. Is p composite?
False
Suppose -4*o + 36156 = 4*b, -62*o + 63*o = 2*b - 18084. Is b a composite number?
False
Let s be (-1)/(21/(-6)*8/56). Is ((140/21)/10)/(s/16773) prime?
True
Suppose t + 2*h = 1678 - 127, 0 = -5*h - 25. Is t prime?
False
Let b be 4 - (4 + -3)*1. Let r be ((-2 - 8824)/b)/2. Let t = r - -2106. Is t a prime number?
False
Suppose a - 331 = 186. Suppose a + 1888 = 5*m. Is m a prime number?
False
Let r be 1261 - 1 - (4 + -6). Let n = r - 775. Is n composite?
False
Let q be (2/6)/(9/324). Suppose -4*l + q = -c, -2*l = -5*l + 12. Suppose 0 = -3*p + c*p - 251. Is p a prime number?
True
Let k(y) = 2*y + 4. Let a be k(4). Let z be (-3)/a - (-68)/16. Suppose 2*x + 720 = 4*n, x + 533 + 185 = z*n. Is n a composite number?
False
Let j be (-2)/8 + ((-231)/12)/11. Let u(v) = 594*v**2 + v - 3